 - 12?
-1202
In base 10, what is 103 - 17?
86
In base 11, what is 304 + 4?
308
In base 2, what is -100 - 1100000?
-1100100
In base 13, what is 7 + -352?
-348
In base 13, what is -2368 + 1?
-2367
In base 2, what is 110011011101 - 100?
110011011001
In base 4, what is -11 - 2231?
-2302
In base 11, what is 0 + -143?
-143
In base 12, what is -3 - 598?
-59b
In base 3, what is 11 - -10022021?
10022102
In base 5, what is -3220 + 20?
-3200
In base 8, what is -154 - -12?
-142
In base 3, what is 1002221 - 12?
1002202
In base 16, what is 0 + 47?
47
In base 10, what is -6 + -35?
-41
In base 10, what is -9 + -3?
-12
In base 13, what is 0 + a8?
a8
In base 8, what is -1 + 4?
3
In base 5, what is -24232 + -3?
-24240
In base 9, what is -4 - 47?
-52
In base 15, what is 14 + 9?
1d
In base 6, what is 1202035 - -1?
1202040
In base 2, what is -110111 + -1?
-111000
In base 10, what is -1 + -65?
-66
In base 8, what is 10 - -1342?
1352
In base 15, what is -1 - -14?
13
In base 11, what is 9a7 + -17?
990
In base 5, what is -301310 - 10?
-301320
In base 6, what is 11512 - -3?
11515
In base 8, what is -5262 + 4?
-5256
In base 15, what is 8bd - 3?
8ba
In base 10, what is -192 - 1?
-193
In base 10, what is 49 + -6?
43
In base 13, what is -b9 - -77?
-42
In base 13, what is 57 - 0?
57
In base 7, what is -20342 + 0?
-20342
In base 7, what is 4 + -1454?
-1450
In base 2, what is 1110111 - -11000001?
100111000
In base 10, what is -5 + 874?
869
In base 4, what is -2 + -1000332?
-1001000
In base 2, what is 11111 - 1?
11110
In base 2, what is 0 - 10010?
-10010
In base 8, what is -73 + 157?
64
In base 5, what is 4 + 2302?
2311
In base 11, what is 4 + -81a?
-816
In base 13, what is 2 + -9?
-7
In base 5, what is 1 + 321?
322
In base 10, what is -2 + -556?
-558
In base 5, what is 1301 + -3?
1243
In base 7, what is 1324 - 2?
1322
In base 3, what is -12200 - -20?
-12110
In base 5, what is -1 + -12041?
-12042
In base 11, what is -1 + -4?
-5
In base 9, what is -4 - -41?
36
In base 4, what is -20 - 2?
-22
In base 10, what is -5 + 837?
832
In base 9, what is -2 + 3725?
3723
In base 16, what is -1cd4 - 0?
-1cd4
In base 15, what is -3 + -18?
-1b
In base 2, what is 10011100 + 0?
10011100
In base 16, what is -146 + 0?
-146
In base 10, what is 1772 + 0?
1772
In base 12, what is 1 + -4?
-3
In base 7, what is -100632 + 0?
-100632
In base 8, what is -3 - -345?
342
In base 4, what is -1 - 200230?
-200231
In base 3, what is 0 - 200?
-200
In base 5, what is -41 - 242?
-333
In base 14, what is 26 - d0?
-a8
In base 4, what is 10 + 21232?
21302
In base 10, what is -2 + 27?
25
In base 6, what is -1334 + 1?
-1333
In base 5, what is 34 + 3?
42
In base 11, what is 6 + 1a?
25
In base 13, what is b08 - 3?
b05
In base 6, what is 14454 + 5?
14503
In base 12, what is -62a - 3?
-631
In base 9, what is 205 + -2?
203
In base 5, what is -1214 + 0?
-1214
In base 6, what is 230 - -45?
315
In base 16, what is 24 - -5?
29
In base 8, what is -4 - 12?
-16
In base 5, what is 20424 - 4?
20420
In base 8, what is 70 - 36?
32
In base 13, what is 2 - -26?
28
In base 4, what is 3 + -1233?
-1230
In base 14, what is -4 + 1ac?
1a8
In base 4, what is -100 + 100?
0
In base 4, what is -30 - -33?
3
In base 11, what is 152a8 - -5?
15302
In base 7, what is -1426 + -4?
-1433
In base 3, what is 0 - 101102?
-101102
In base 2, what is -11 - 1001011100001?
-1001011100100
In base 8, what is 1 - -34?
35
In base 3, what is -102112 - 200?
-110012
In base 12, what is 4 - -1301?
1305
In base 9, what is 2 + 473?
475
In base 4, what is 11 + -2223?
-2212
In base 2, what is -1 - 111001011010?
-111001011011
In base 13, what is 1 - -14?
15
In base 6, what is -10253 - 5?
-10302
In base 15, what is -33 - 3?
-36
In base 10, what is 9993 + 0?
9993
In base 11, what is 919 + -2?
917
In base 2, what is -10011000 + -100?
-10011100
In base 13, what is -2 + -851?
-853
In base 5, what is -1124 - 12?
-1141
In base 14, what is 901 + -3?
8dc
In base 5, what is 330 + 310?
1140
In base 8, what is -1 - -4?
3
In base 9, what is 5 - 435?
-430
In base 15, what is 63 - 1?
62
In base 5, what is 1100 - 2?
1043
In base 15, what is -395 + 0?
-395
In base 11, what is -209 + -3?
-211
In base 7, what is 5 - 111?
-103
In base 7, what is 6 - -11?
20
In base 9, what is 82 + -64?
17
In base 4, what is -30 + 303312?
303222
In base 4, what is -211 - -13?
-132
In base 9, what is 343 + -7?
335
In base 9, what is -10 + 25?
15
In base 16, what is -2a - -4?
-26
In base 6, what is -35 - 11?
-50
In base 16, what is -1 - -18bd?
18bc
In base 5, what is -120 - -2?
-113
In base 6, what is 13 - 21?
-4
In base 4, what is -12 + -10?
-22
In base 7, what is -434 - -6?
-425
In base 13, what is -1 - -440?
43c
In base 4, what is -31 - -111310?
111213
In base 11, what is 9492 + -5?
9488
In base 5, what is -2221 + 4?
-2212
In base 12, what is -10 + -58?
-68
In base 9, what is -2 - -42?
40
In base 7, what is 21 + -30?
-6
In base 4, what is 330232 + -3?
330223
In base 12, what is 1 + 231?
232
In base 8, what is -21 - 1007?
-1030
In base 9, what is 4 - 150?
-145
In base 2, what is -100 + -101010?
-101110
In base 7, what is -361 - 3?
-364
In base 16, what is -15 - a?
-1f
In base 12, what is -468 + -4?
-470
In base 16, what is 54 + 9?
5d
In base 12, what is 1511 + -2?
150b
In base 12, what is -62 + -b?
-71
In base 3, what is -1111 - 12?
-1200
In base 10, what is 6 + 491?
497
In base 11, what is 5 + -106?
-101
In base 5, what is 110 + 3?
113
In base 6, what is 3 + -201?
-154
In base 7, what is -4 + 24160?
24153
In base 6, what is -2 - 1312?
-1314
In base 13, what is -20 + -9?
-29
In base 15, what is 2 - 5?
-3
In base 11, what is -1a + -11?
-30
In base 9, what is 2 - 113?
-111
In base 16, what is -1e0 + -23?
-203
In base 5, what is -4140 + -2?
-4142
In base 13, what is 14a2 - 1?
14a1
In base 10, what is -4 + -290?
-294
In base 5, what is -1 - 134?
-140
In base 8, what is 1227 + 32?
1261
In base 14, what is 0 + 6b?
6b
In base 10, what is 233 + 2?
235
In base 11, what is 247 - -2?
249
In base 12, what is -4 + 87b?
877
In base 7, what is 2 + -224?
-222
In base 6, what is -31 + -533?
-1004
In base 13, what is -1 - -4c3?
4c2
In base 10, what is 19 - -80?
99
In base 14, what is 5 + 701?
706
In base 11, what is 93 - -12?
a5
In base 4, what is 10211 + -120?
10031
In base 10, what is 3 - -185?
188
In base 12, what is -127b - 1?
-1280
In base 3, what is -10 - 1012220?
-1020000
In base 9, what is 25 - 20?
5
In base 10, what is 1399 - -3?
1402
In base 15, what is -4 - 18?
-1c
In base 6, what is 3320 - 10?
3310
In base 15, what is 0 + -6a?
-6a
In base 6, what is 2332 + -1?
2331
In base 4, what is -10 - 213?
-223
In base 10, what is -14833 - -1?
-14832
In base 13, what is 5a - -9?
66
In base 2, what is -101101 + -1010?
-110111
In base 13, what is 2740 + -3?
273a
In base 6, what is 123 - 40?
43
In base 14, what is 3 - 183?
-180
In base 4, what is 11 - -331?
1002
In base 12, what is -11 - -13?
2
In base 11, what is -12 - -366?
354
In base 6, what is 130 - -4?
134
In base 2, what is 1111101000 + -11?
1111100101
In base 11, what is -3a2 + 10?
-392
In base 15, what is -5eb + 0?
-5eb
In base 8, what is 3 + -442?
-437
In base 5, what is 10 - -13430?
13440
In base 10, what is -23 + 59?
36
In base 12, what is 99 + -15?
84
In base 4, what is -2103 + 2?
-2101
In base 4, what is -1210 + -10?
-1220
In base 2, what is 1000000 + -10000001?
-1000001
In base 11, what is -172 - 1?
-173
In base 5, what is 4 + -312?
-303
In base 9, what is 326 - 0?
326
In base 8, what is -52 + 652?
600
In base 13, what is -243b + -2?
-2440
In base 11, what is -4 - -855?
851
In base 4, what is -1001 - -13?
-322
In base 13, what is 2bb3 - 6?
2baa
In base 9, what is -34 - 3?
-37
In base 14, what is 0 - -bc?
bc
In base 13, what is -6 - 2769?
-2772
In base 13, what is 4 + -286?
-282
In base 11, what is -5 - 155?
-15a
In base 14, what is 9 + -14?
-9
In base 13, what is 35a + 4?
361
In base 8, what is 44 + 21?
65
In base 11, what is -18 - -260?
243
In base 13, what is -11 - -173?
162
In base 9, what is 1 - 4004?
-4003
In base 14, what is -102b + -2?
-102d
In base 15, what is 4 - -a51?
a55
In base 16, what is 5 - -724?
729
In base 10, what is -11 + 489?
478
In base 11, what is 895a + 4?
8963
In base 12, what is 100 + 3?
103
In base 4, what is -210 + 2333?
2123
In base 14,